) + 15690/22?
7
Let o(z) = -z**3 + 5*z**2 + 7*z + 8. Suppose 22 = -8*p + 70. What is the tens digit of o(p)?
1
Suppose -4*c = -54 - 66. Suppose -c = -5*q + 10. What is the tens digit of (q/6)/(2/30)?
2
Suppose 0*u + 2*u - 44 = 0. Let t = 63 - 53. Let b = t + u. What is the units digit of b?
2
Let z(i) = -3*i**3 - i**2 - 6*i. Let o(p) = -7*p**3 - p**2 - 13*p + 1. Let k(g) = 4*o(g) - 9*z(g). Let n be k(5). Let l = n - 7. What is the units digit of l?
7
Let m be (-1 - (-2)/6) + 629/111. Suppose 3*n - m*n = 2*f - 358, 5*n - 883 = -2*f. What is the units digit of n?
5
Let p(l) = l**3 + l**2 - l + 5. Let h = -1 - -1. Suppose -9*t + 5*t = h. What is the units digit of p(t)?
5
Suppose 4*u + 3993 = 15753. What is the hundreds digit of u?
9
Let l = 22 + -26. Let y(v) = -v**2 - 7*v + 0*v**3 + v**3 + 4*v**2 - 6. What is the units digit of y(l)?
6
Suppose -g + 0 + 3 = 0. Let c = -12 + g. What is the tens digit of c/((-2)/((-8)/(-2)))?
1
Suppose -7*a = -5061 + 350. What is the units digit of a?
3
Let r = 1009 + -326. Suppose -2*m + m + h = -133, -5*m = 4*h - r. What is the units digit of m?
5
Let h = -8 - -13. Suppose -5*m - 3*k - 4 = 0, 0 = h*m + 4*k + k. What is the units digit of (-55)/m + 3/2?
9
Suppose -y + 2 - 1 = 0. Suppose -2*r - y + 5 = 0, -4*n + 4*r + 236 = 0. What is the tens digit of n?
6
Let l(g) = 9*g**2 + 15*g. What is the hundreds digit of l(14)?
9
Suppose -p = 2*d - 2030, 0 = -5*p + p + 2*d + 8080. What is the tens digit of p?
2
Suppose -j + 313 = -704. What is the thousands digit of j?
1
Suppose 0 = -z + 2*s + 210, -6*s + 1095 = 5*z - s. What is the tens digit of z?
1
Suppose -7*t = 18434 - 54687. What is the hundreds digit of t?
1
Let b = 0 - -28. Suppose k = -3*k + b. What is the units digit of k?
7
Suppose 0*x + 26 = x. Let o = -92 + 130. Suppose o = 4*n - x. What is the units digit of n?
6
Suppose 0 = 12*h - 15688 - 11000. What is the tens digit of h?
2
Suppose 4*u = 5*x - 2, -6 = 3*u - u - 5*x. Let y be (u - (2 + 1))*-2. Suppose 0 = -4*m + 8, -y*a + 0*m + 36 = -2*m. What is the tens digit of a?
2
Suppose -8*c + 198 = -610. What is the units digit of c?
1
Suppose -u + 99 = -272. What is the tens digit of u?
7
Suppose 104 = -6*o + 10*o. Let b = 78 - o. What is the tens digit of b?
5
Suppose -122 = 2*y + 62. Let b = 187 + y. What is the units digit of b?
5
Let f(s) be the second derivative of s**5/20 + s**4/3 - s**3/6 - 5*s**2/2 + 2*s. Let c = 2 - 5. What is the units digit of f(c)?
7
Suppose -2*r = 2*u - 5*r - 1071, 4*u = -r + 2121. Let h = 322 - u. What is the tens digit of (h/(-22))/(1/2)?
1
Let b(j) = 8*j**2 - 24*j**2 + 24*j**2 + j. Let h = -3 + 2. What is the units digit of b(h)?
7
Let p(t) = t + 12. Let o be p(-10). Let m be o/11 - 6018/66. What is the units digit of (-2 + m)*(-4)/12?
1
What is the units digit of (-75 + -1)*12/(-96)*38?
1
Suppose 4*b - 4 = 0, -2*u = 5*b - 852 - 3593. What is the thousands digit of u?
2
Let q be 21/5 + (-1)/5. Suppose -26 = -i + q*g, -1 - 5 = 3*g. What is the tens digit of i?
1
Suppose -5*d = 5*s - 2865, 2*s - 4*d + 2*d - 1126 = 0. What is the tens digit of s?
6
Let m(d) be the second derivative of -d**5/20 + 2*d**4/3 + d**3/3 - 7*d**2/2 - 12*d. What is the units digit of m(4)?
5
Suppose -a = 5*j - 396, -j - 2 = -7. What is the tens digit of a?
7
Suppose 3*k = -0*k - 54. Let x = k - -71. Suppose 3*f + 14 = x. What is the tens digit of f?
1
Let s be ((-667)/58)/((-1)/(-2)). Let a = 1 + -16. Let l = a - s. What is the units digit of l?
8
Let q = -60 - -92. Let g = q + -19. Let x = 39 - g. What is the tens digit of x?
2
What is the units digit of 837/2 + 30/20?
0
What is the hundreds digit of ((-8)/(-16) + (0 - 0))*676?
3
Let j(r) = r**3 + 7*r**2 - 9*r - 12. Let w be j(-8). Let x = w + 8. What is the units digit of (3 - x - 6)*-7?
9
Let t be 4 + (1/1 - 3). Let k(z) = 2*z**2 + 3*z**t - 2*z + 3*z**2 - 7 - 7*z**2. What is the tens digit of k(6)?
1
Let w be (-13)/(-4) - (-1)/(-4). Suppose 3*y + 5*f - 20 = -y, w*f = -4*y + 20. Suppose -y*o = -4*a, 4*a - 38 = -5*o + 2. What is the units digit of o?
4
Let p(o) = -4*o**3 - 9*o**2 + 10*o - 45. What is the hundreds digit of p(-8)?
3
Let y = -7 + 10. Suppose y*c - 8 = 7. Suppose -h + c = -0. What is the units digit of h?
5
Let l be 16/56 - (-416)/14. What is the tens digit of (64/40)/(1/l)?
4
Let n = 875 + -600. Suppose -2*o - 349 = -5*s, 0 = 5*s + 3*o - n - 64. What is the tens digit of s?
6
Let j = -50 - -78. Let p be 6/(-21) - (-232)/j. Let z = p + 9. What is the tens digit of z?
1
Let g(d) be the first derivative of d**4/4 - 11*d**3/3 - 4*d**2 + 16*d + 1. What is the tens digit of g(12)?
6
Let h(b) = 3*b**2 + 11*b - 12. Suppose -p + 16 - 28 = 0. What is the hundreds digit of h(p)?
2
Suppose 132 = 4*c - 0*c. Suppose 3*s - 14 - 4 = 0. Let u = c + s. What is the tens digit of u?
3
Suppose -3*z + 4801 = 2*m, 3*z + 0*z - 4807 = 4*m. What is the hundreds digit of z?
6
Let v be (-1)/5 + 8/40. Suppose -4*d - 407 = -4*a + d, v = 5*a - 4*d - 520. What is the tens digit of a?
0
Let w(n) = 213*n**2 + 6*n - 4. What is the tens digit of w(1)?
1
Suppose 2*n - 4*m = -4, 4*m + 2 = 3*n - 2. Suppose -5*r + 3*r + n = 0. Suppose -r*w + 3*c + 33 = -2*c, 5*c = -5. What is the units digit of w?
7
Let q(y) = 2*y - 12. Let b be q(8). Suppose w = 2*w - b*c - 6, 0 = 2*w + 4*c. Suppose w*h = -h + 99. What is the units digit of h?
3
Let b be 10/3 - 10/30. Let s(a) = -4*a**2 - 2*a + 0*a - 5 + 2*a**b - a**3. What is the units digit of s(5)?
0
Let u(r) = -r**3 + 11*r**2 - 11*r + 6. Let p be u(10). Let k be -1 - 10/p*2. What is the tens digit of 94/k - (-6)/(-4)?
2
Let v(p) = 2*p**2 - 13*p. Let w be v(13). Suppose -w = -s + 2*m, -6*s = -9*s - 4*m + 497. What is the tens digit of s?
6
Suppose -x + 4*x - 5*r = -17, -8 = -2*r. Let w(b) = 4*b**2 + b - 1. Let z be w(x). Suppose z*t = 57 + 23. What is the units digit of t?
0
Suppose 5*i + 2*t - t = 10, -3*t = 2*i + 9. Suppose 0 = -i*h + 7*h - 464. What is the tens digit of h?
1
Let n(o) = -42*o + 704. What is the hundreds digit of n(8)?
3
Suppose -v + 32 = -5*u - 15, 0 = -4*u - 16. What is the tens digit of v?
2
Let l(q) = -q**3 + 15*q**2 - 7 + 0*q + 3*q - 3 - 2*q. Let a be l(15). Suppose 0 = -a*o - 2*z + 198, -2*o + 2*z = -0*o - 68. What is the tens digit of o?
3
Suppose 3*a - 2*x = 3*x - 19, 0 = -4*a + 3*x - 7. Let f(h) = -h + 3 + a - 7. What is the units digit of f(-11)?
9
Let y = 1913 + 518. What is the hundreds digit of y?
4
Let q be -2 + (-225)/(-3) + -2. Let y = 156 - q. What is the tens digit of y?
8
Let h(w) = w**2 - w + 5. Let d(x) = x - 3. Let t(y) = -11*d(y) - 6*h(y). Let v(j) be the first derivative of t(j). What is the units digit of v(-5)?
5
Let a = 5869 + -2050. What is the tens digit of a?
1
Let x be 0/1 - (25 - 3). Let o = 43 + x. What is the units digit of (-12)/o - (-64)/14?
4
Let h(q) = -q**2 - 5*q - 2. Let o be h(-2). Suppose 0 = -4*c + p + 407, -2*c + o*p - 2*p + 202 = 0. What is the tens digit of c?
0
Let r(u) = -u**3 - 17*u**2 - 23*u - 48. What is the hundreds digit of r(-17)?
3
Suppose 0 = 6*u - 958 - 38. What is the hundreds digit of u?
1
Suppose n + 5 = 8. Suppose -5*z + 153 + 42 = q, -2*z = n*q - 65. What is the units digit of (-10)/z + (-98)/(-8)?
2
Suppose 0 = -5*v - 3*u + 2*u + 6, -2 = 3*v + 2*u. Let w(t) = 9 - t**2 - 8*t + 4*t + 2*t**v. What is the units digit of w(6)?
1
Let v(m) be the first derivative of 6*m**3 + m**2/2 + 5*m + 26. What is the tens digit of v(3)?
7
Suppose 5*q + 5*r - 795 = 0, r - 853 = -5*q - 62. What is the hundreds digit of q?
1
Let r be (-8)/(-56) + 502/14. Let x be 1 - (r/(-1) - -2). Suppose -5*t + x = -40. What is the units digit of t?
5
Suppose -8 = -4*t + 4. Suppose -t*i + 2*i + 69 = 0. What is the tens digit of i?
6
What is the thousands digit of 14/(-23 + 9) - -1*1895?
1
Let h(n) = -n**3 - 14*n**2 - 15*n - 37. What is the hundreds digit of h(-19)?
0
Let j(b) = 6*b**2 - b - 4. Let p be j(4). Let m = p + -50. What is the units digit of m?
8
Suppose 0 = 3*f + 5*q - 4, -2*f + 6 - 45 = -5*q. Let k(z) = 25*z**2 - 2*z + 1. Let r be k(1). Let p = r + f. What is the units digit of p?
7
Let s(y) = y**3 - 12*y**2 + 12*y - 11. Let c be s(11). Suppose -t - t + 8 = c. What is the units digit of t?
4
Let r be ((-4)/(-6))/((-2)/(-48)). Let c be (-8)/r + 297/2. Suppose -7*p + 11*p = c. What is the t